= h - 465. What is the tens digit of u?
9
Let h be 21/22*4 + (-2)/(-11). Suppose 0 = v + 2*v - l - 528, 720 = 4*v + h*l. What is the units digit of v?
7
Let w(h) = h**2 - 14*h - 15. Let p be w(15). Let c be (0 - -1) + p + (7 - -44). Suppose -4*i + 4*q = -c, -5*q - 7 = -2*i + 10. What is the tens digit of i?
1
Let c be 1 + 93/(-4) - 2/(-8). Let p(t) = t**3 + 23*t**2 + 8*t - 37. Let y be p(c). Suppose -y = -2*f + f. What is the tens digit of f?
7
Let o(c) = 9*c - 18. Let r = -52 + 48. Let d be (-7 + -5)*3/r. What is the tens digit of o(d)?
6
Let a = -1115 + 710. Let y = -220 - a. What is the units digit of y?
5
Suppose -2016 - 3950 = -2*r. What is the tens digit of r?
8
Suppose 0 = 5*v - 5*t - 21 - 4, -5*t = 25. Suppose -k + 10 + 127 = -p, k + 3 = v. Let f = p + 223. What is the tens digit of f?
8
Let q be 118 + (2/(-6) - (-136)/(-51)). What is the hundreds digit of (26 - 25)/(1/q)?
1
Let i(z) = 19*z**3 - 11*z**2 + 60*z + 39. What is the units digit of i(6)?
7
Let b(f) = 39*f - 59. Let y be b(6). Let h = y + 97. What is the hundreds digit of h?
2
What is the hundreds digit of 72/(-6)*(-1)/(-2)*82057/(-62)?
9
Suppose -6*n = -65 - 7. Suppose -n = 4*y - 68. What is the tens digit of y?
1
Let q(v) = 21*v - 26. Let h be q(8). Let s = 137 - h. What is the units digit of -3*(-356)/(-3)*s/20?
9
Let j = 1156 + 9209. What is the hundreds digit of j?
3
Suppose -12*p = -90 - 6. Suppose 7*k - p*k + 280 = 0. What is the tens digit of k?
8
Let c = 208 + -202. What is the units digit of 45648/120 - c/(-10)?
1
Let k(c) = 2*c**3 - 42*c**2 - 20*c + 47. Let l be k(22). Suppose 5*v + 5*a - 605 = 0, 2*a = 5*v + a - l. What is the units digit of v?
6
Let f(u) = -u**2 + 4*u + 21. Suppose -3*k - 105 = 60. Let z = k + 61. What is the units digit of f(z)?
9
Suppose -5*w - 22 - 3 = 0. Let v(c) = -34 - 46 - 33 + 135 - 9*c. What is the units digit of v(w)?
7
Suppose -4*y = -2*i + 86, -2*i + 18 + 32 = 5*y. Suppose 22851 + 20899 = i*z. What is the tens digit of z?
5
Suppose -25*o = -103763 - 139637. What is the units digit of o?
6
Let s be (148*-1)/((-10)/90). Suppose -7*z = -2042 - s. What is the hundreds digit of z?
4
Suppose 2*c = -0*c - 8, -3 = -y - c. Let s be (0*(-2)/4)/((-14)/y). Suppose 4*q + 4*n - 244 = -s*q, 3*n + 281 = 5*q. What is the tens digit of q?
5
Let y = -59 - 9. Let z = -66 - y. Suppose 4*o - z*o - 54 = 0. What is the units digit of o?
7
Suppose -4*l - 12*l + 10992 = 0. Suppose -l = 4*m - 5*m. What is the hundreds digit of m?
6
Suppose 685 = -23*n + 8482. Let u = 228 + n. What is the units digit of u?
7
Let a = 376 - 371. Suppose -3224 = -2*r - a*q, -1895 = -3*r + 5*q + 2991. What is the hundreds digit of r?
6
Suppose 0 = 4*l + 2*k - 4*k - 21790, -4*l - 5*k + 21783 = 0. What is the thousands digit of l?
5
Suppose -5*m + 4585 = -b + 363, 3*m = -3*b + 2544. What is the tens digit of (m/25 - 1)*(3 + 17)?
5
Suppose 36 + 36 = 6*r. Let z(a) = 2*a**2 - 20*a + 17. Let h be z(r). Suppose h = 4*q - 35. What is the tens digit of q?
2
Let l(n) = -111*n + 11. Let h = -140 - -137. What is the hundreds digit of l(h)?
3
Let b(t) be the first derivative of -t**2 - 1/4*t**4 + 0*t**3 + 59*t + 10. What is the tens digit of b(0)?
5
What is the hundreds digit of 21775/39 + (-70)/30?
5
Let h(z) = z**2 + 28*z - 56. Let k be h(-29). What is the units digit of 21/k + 8/(-36) - -417?
6
Let u = 49 - 24. Suppose 0 = -5*g - u + 5. What is the units digit of -1 - (1 - 72) - g?
4
Let v = 30912 - 14563. What is the tens digit of v?
4
Let o(n) = -3462*n - 464. What is the thousands digit of o(-5)?
6
Suppose -204953 = -7*u + 107534. What is the tens digit of u?
4
Let z = 2521 + 1333. What is the tens digit of z?
5
Suppose 0 = 3*g - 3*m - 17289 - 8700, g = 2*m + 8661. What is the units digit of g?
5
Let b = 28510 + -21041. What is the tens digit of b?
6
Let j(f) = f + 11. Let y be j(-8). Let g be (-4)/14 - (-16679)/91. Suppose -15 = -3*v, -40 = -y*z - 2*v + g. What is the tens digit of z?
7
Let x(w) = w**3 + 5*w**2 - 14*w - 74. Let k be x(13). Let l = k - 1745. What is the thousands digit of l?
1
Let o(p) = p + 23. Let h be o(-18). Suppose h*a - 362 + 97 = 0. Let v = a + 50. What is the units digit of v?
3
Suppose -654*r - 868148 = -730*r. What is the thousands digit of r?
1
Let p = 217 - -34. Let j = -80 + p. What is the tens digit of j?
7
Let x(l) = 7*l**2 - 19*l - 118. Let q be x(-5). Suppose 2420 = q*h - 148*h. What is the tens digit of h?
0
Let f = 8927 - 4237. What is the units digit of (6/(-10))/((-7)/f*2)?
1
Let r = -61 - -61. Suppose r = -0*t + 6*t - 2226. Let c = t - 262. What is the tens digit of c?
0
Suppose 2*u + 0 + 4 = 0. Let p be u/(-10) + 1/(-5). What is the tens digit of 79 - (1 - p/1)?
7
Let z be 78/104*1*4. Suppose 4*c - 5*c + x = -2, -z*c - 3*x = 6. Suppose 2*a + c*v = 4*v + 94, -v = 2*a - 119. What is the tens digit of a?
5
Let w(a) = -1534*a + 270. What is the ten thousands digit of w(-9)?
1
Let r be ((-26)/6)/(9/(-81)). Let h = 39 - r. What is the units digit of (h - (0 - 121))*1?
1
Suppose y - 2 = k, -3*y + 8*y + 2*k - 17 = 0. Suppose 0 = -6*j + 609 + 237. Suppose v = -v - y*h + 51, 5*v + 3*h = j. What is the tens digit of v?
3
Let r be (9399/156)/((-2)/(-8)). What is the units digit of (-1*r + 0/(-2))/(-1)?
1
Let g(w) = -9*w**2 + 48*w - 15. Let r(a) = 11 + 22*a - 3 + 5*a**2 - 46*a. Let n(b) = -6*g(b) - 11*r(b). What is the units digit of n(-23)?
5
Suppose -2*c = -2*j + 60, -5*j - 4*c + 92 = -22. Suppose 0*t = t - j. Let r = -18 + t. What is the units digit of r?
8
Let c(s) = -s**2 - 21*s + 20. Let m be c(-22). What is the tens digit of 32172/(-42)*(m + 1)?
6
Let z be ((0 + 2)*-3)/(6/3). Let q be 4 + 0 + z + -7. What is the units digit of 9/6*(-32)/q?
8
Let a(r) = 2*r**3 + 65*r**2 + 25*r + 363. What is the hundreds digit of a(-26)?
5
Let q = -225 - -234. What is the units digit of q*((-304)/(-6) + -5)?
1
Let j(w) = -60*w + 817. What is the tens digit of j(-34)?
5
Let v(x) be the third derivative of 7*x**4/24 + 42*x**3 - 6*x**2 - 15*x. What is the hundreds digit of v(37)?
5
Let u = -385 - -569. Let h = u + -41. Suppose 50*t - 51*t = -h. What is the hundreds digit of t?
1
Let m(y) = 3*y + 1. Let w be m(3). Let j(d) = -d - w - 2 + 2*d + 4*d. What is the units digit of j(8)?
8
Suppose 6*l - 2*l - 2 = 5*u, 5*l - 9 = 3*u. Suppose a + 7661 = 5*o, l*a + 0*a = -3. What is the tens digit of o?
3
Suppose -4*z - 2*u = -0*u + 2, 8 = -z - 2*u. Suppose -n + 3*v + 414 = 0, -n + 1249 = 2*n - z*v. What is the hundreds digit of n?
4
Let c be (6/(-135)*-5)/(18/162). Suppose c*v - 2882 = 182. What is the units digit of v?
2
Suppose 0 = -11*z + 21 + 89. What is the tens digit of 590/4*((-6)/z - -1)?
5
Suppose -80*m - 3209 = -3*p - 82*m, p - m - 1078 = 0. Suppose i - 2*f - p = -4*f, -2*i - 5*f = -2142. What is the thousands digit of i?
1
Let j(o) = 230*o - 50. Let n be j(7). Suppose -3*u = -5*y - n, -3*y + 1851 = 5*u - 749. What is the units digit of u?
0
Suppose -31*t - 212 = -584. Suppose v + 14509 = t*v. What is the hundreds digit of v?
3
Suppose -r = 3*o - 9309, r - 9303 = 32*o - 33*o. What is the tens digit of r?
0
Suppose 19*j - 17*j - 10 = 0. Suppose f - 34 = -j*s, -3*f + 21 = 9. Suppose 7*o = s*o + 36. What is the tens digit of o?
3
Let b(f) = 10*f - 132. Let h be b(13). What is the tens digit of (-15216)/(-32)*h/(-3)?
1
Let o(y) = -y**3 - 5*y**2 - y - 5. Let r be o(-5). Suppose r = -3*c + 2026 + 269. What is the hundreds digit of c?
7
What is the thousands digit of (-14 - -6)*1 - -9380?
9
Suppose -1446 - 32986 = -64*h. Suppose 5*v - h = -313. What is the tens digit of v?
4
What is the hundreds digit of (-12)/15 + 325432/40?
1
Let c = -3153 - -894. What is the units digit of c/(-6) - 0 - (-18)/(-12)?
5
Suppose -3539 = 3*p - 8163 - 18710. What is the thousands digit of p?
7
Let b(r) = r**3 + 34*r**2 - 7*r - 98. What is the units digit of b(-30)?
2
Let v = -84093 + 136613. What is the thousands digit of v?
2
Let c(n) = 3*n**2 - 1. Let d be c(3). Suppose 24 = -2*o + 2*v, -350 = 3*o - v - 308. Let k = d - o. What is the tens digit of k?
4
Suppose -22*y = -8*y - 1022. Suppose y = 2*k - 681. What is the hundreds digit of k?
3
Let n(i) = -i**3 - 4*i**2 + 3*i + 3. Let q be n(-5). Suppose -a + q = -5*b, -3*b - 1 = a - b. What is the units digit of (a - 2)/(-1)*23*-1?
3
Suppose 4*s = -2*